{"id":150,"date":"2020-04-30T17:44:40","date_gmt":"2020-04-30T15:44:40","guid":{"rendered":"https:\/\/chateaudeventenacminervois.com\/boutique\/?page_id=150"},"modified":"2022-02-03T16:55:58","modified_gmt":"2022-02-03T15:55:58","slug":"conditions-generales-de-vente","status":"publish","type":"page","link":"https:\/\/chateaudeventenacminervois.com\/boutique\/conditions-generales-de-vente\/","title":{"rendered":"Conditions g\u00e9n\u00e9rales de vente"},"content":{"rendered":"<p>[et_pb_section fb_built=\"1\" _builder_version=\"4.4.4\"][et_pb_row _builder_version=\"4.4.4\"][et_pb_column type=\"4_4\" _builder_version=\"4.4.4\"][et_pb_text admin_label=\"Conditions G\u00e9n\u00e9rales de vente\" _builder_version=\"4.4.4\"]<\/p>\n<h1>Conditions G\u00e9n\u00e9rales de vente<\/h1>\n<p>[\/et_pb_text][et_pb_text _builder_version=\"4.4.4\"]<\/p>\n<p>Nos marchandises, m\u00eame vendues franco, voyagent aux risques et p\u00e9rils du destinataire.<\/p>\n<p>En cas d\u2019avaries survenues au cours du transport, le destinataire devra faire aupr\u00e8s du transporteur toutes r\u00e9serves \u00e9crites sur le bon de livraison, sa responsabilit\u00e9 \u00e9tant seule engag\u00e9e et par lettre recommand\u00e9e avec accus\u00e9 de r\u00e9ception dans les huit jours qui suivent celui de la r\u00e9ception, conform\u00e9ment aux dispositions des articles 105 et 106 du code du commerce.<\/p>\n<p>Les r\u00e9clamations concernant la qualit\u00e9 de la marchandise, \u00e0 l\u2019exclusion de tout litige de transport, doivent \u00eatre faites imm\u00e9diatement lors de la livraison ou du retrait lorsqu\u2019il s\u2019agit d\u2019un d\u00e9faut apparent et dans les 20 jours de ladite livraison ou retrait lorsqu\u2019il s\u2019agit d\u2019un d\u00e9faut non apparent au premier abord.<\/p>\n<p>Conform\u00e9ment \u00e0 la loi 92-1442 du 31 d\u00e9cembre 1992 relative aux d\u00e9lais de paiement entre les entreprises et les particuliers, le paiement devra intervenir dans les d\u00e9lais fix\u00e9s par la loi, soit \u00e0 trente jours fin de mois. Le non-paiement \u00e0 l\u2019\u00e9ch\u00e9ance fix\u00e9e :<\/p>\n<ol>\n<li>donnera lieu au versement d\u2019une p\u00e9nalit\u00e9 calcul\u00e9e sur la base de une fois et demie le taux d\u2019int\u00e9r\u00eat l\u00e9gal en vigueur au jour de l\u2019\u00e9ch\u00e9ance<\/li>\n<li>entra\u00eenera la d\u00e9ch\u00e9ance du terme pour l\u2019ensemble de notre cr\u00e9ance.<\/li>\n<\/ol>\n<p>Un r\u00e8glement anticip\u00e9 par rapport \u00e0 la date d\u2019\u00e9ch\u00e9ance fix\u00e9e ne donnera pas lieu \u00e0 d\u00e9duction d\u2019un escompte.<\/p>\n<p>Tout retard de paiement ainsi que tout retard ou refus d\u2019acceptation d\u2019une traite peut entra\u00eener de plein droit, \u00e0 notre gr\u00e9 et sans mise en demeure pr\u00e9alable, la r\u00e9siliation imm\u00e9diate de toutes les commandes en cours.<\/p>\n<p>Les frais de contentieux engendr\u00e9s par le retard ou le d\u00e9faut de paiement sont \u00e0 la charge exclusive de l\u2019acheteur.<\/p>\n<p>Nos conditions de vente cessent de s\u2019appliquer si, lors d\u2019une pr\u00e9c\u00e9dente commande l\u2019acheteur s\u2019est soustrait \u00e0 ses obligations. Un refus de vente sera alors valablement oppos\u00e9, \u00e0 moins que l\u2019acheteur ne fournisse des garanties satisfaisantes ou un paiement comptant. Dans ce dernier cas, il est pr\u00e9cis\u00e9 qu\u2019aucune remise ne sera accord\u00e9e.<\/p>\n<p><strong>CLAUSE DE R\u00c9SERVE DE PROPRI\u00c9T\u00c9<\/strong> : Le vendeur se r\u00e9serve la propri\u00e9t\u00e9 des marchandises qu\u2019il a livr\u00e9es jusqu\u2019au paiement int\u00e9gral des sommes restant dues par l\u2019acheteur. En cons\u00e9quence, l\u2019acheteur devra consid\u00e9rer lesdites marchandises consign\u00e9es en d\u00e9p\u00f4t avec toutes les cons\u00e9quences de droit qui en d\u00e9coulent.<\/p>\n<p>Le vendeur, sans pr\u00e9judice d\u2019une action \u00e9ventuelle en dommages et int\u00e9r\u00eats, pourra r\u00e9silier la vente et reprendre en totalit\u00e9 les marchandises pr\u00e9cit\u00e9es pour toute facture non r\u00e9gl\u00e9e \u00e0 l\u2019\u00e9ch\u00e9ance, ou en cas de d\u00e9t\u00e9rioration manifeste du cr\u00e9dit de l\u2019acheteur.<\/p>\n<p>Cette derni\u00e8re disposition sera valable m\u00eame au regard des tiers qui voudraient saisir les marchandises livr\u00e9es par nous.<\/p>\n<p>En cas de litige, tant avec nos fournisseurs qu\u2019avec nos clients, attribution de comp\u00e9tence est faite au Tribunal de Narbonne.<\/p>\n<p>Nos prix s\u2019entendent toutes taxes comprises.<\/p>\n<p>Les cuv\u00e9es sp\u00e9ciales et mill\u00e9simes ne sont garantis qu\u2018\u00e0 concurrence des stocks existants.<\/p>\n<p>[\/et_pb_text][\/et_pb_column][\/et_pb_row][\/et_pb_section]<\/p>\n","protected":false},"excerpt":{"rendered":"<p>Conditions G\u00e9n\u00e9rales de venteNos marchandises, m\u00eame vendues franco, voyagent aux risques et p\u00e9rils du destinataire. En cas d\u2019avaries survenues au cours du transport, le destinataire devra faire aupr\u00e8s du transporteur toutes r\u00e9serves \u00e9crites sur le bon de livraison, sa responsabilit\u00e9 \u00e9tant seule engag\u00e9e et par lettre recommand\u00e9e avec accus\u00e9 de r\u00e9ception dans les huit jours [&hellip;]<\/p>\n","protected":false},"author":1,"featured_media":0,"parent":0,"menu_order":50,"comment_status":"closed","ping_status":"closed","template":"","meta":{"_et_pb_use_builder":"on","_et_pb_old_content":"","_et_gb_content_width":"","inline_featured_image":false,"footnotes":""},"class_list":["post-150","page","type-page","status-publish","hentry"],"_links":{"self":[{"href":"https:\/\/chateaudeventenacminervois.com\/boutique\/wp-json\/wp\/v2\/pages\/150","targetHints":{"allow":["GET"]}}],"collection":[{"href":"https:\/\/chateaudeventenacminervois.com\/boutique\/wp-json\/wp\/v2\/pages"}],"about":[{"href":"https:\/\/chateaudeventenacminervois.com\/boutique\/wp-json\/wp\/v2\/types\/page"}],"author":[{"embeddable":true,"href":"https:\/\/chateaudeventenacminervois.com\/boutique\/wp-json\/wp\/v2\/users\/1"}],"replies":[{"embeddable":true,"href":"https:\/\/chateaudeventenacminervois.com\/boutique\/wp-json\/wp\/v2\/comments?post=150"}],"version-history":[{"count":3,"href":"https:\/\/chateaudeventenacminervois.com\/boutique\/wp-json\/wp\/v2\/pages\/150\/revisions"}],"predecessor-version":[{"id":155,"href":"https:\/\/chateaudeventenacminervois.com\/boutique\/wp-json\/wp\/v2\/pages\/150\/revisions\/155"}],"wp:attachment":[{"href":"https:\/\/chateaudeventenacminervois.com\/boutique\/wp-json\/wp\/v2\/media?parent=150"}],"curies":[{"name":"wp","href":"https:\/\/api.w.org\/{rel}","templated":true}]}}