{"id":783,"date":"2020-06-12T21:43:48","date_gmt":"2020-06-12T19:43:48","guid":{"rendered":"https:\/\/chateaudeventenacminervois.com\/boutique\/produit\/fontaine-ventenacoise-blanc-copy\/"},"modified":"2021-09-21T12:09:23","modified_gmt":"2021-09-21T10:09:23","slug":"caramels-a-la-fleur-de-sel-de-gruissan","status":"publish","type":"product","link":"https:\/\/chateaudeventenacminervois.com\/boutique\/produit\/caramels-a-la-fleur-de-sel-de-gruissan\/","title":{"rendered":"Caramels \u00e0 la Fleur de Sel de Gruissan"},"content":{"rendered":"<p>[et_pb_section fb_built=\"1\" _builder_version=\"4.4.5\" background_color=\"rgba(0,0,0,0)\" background_enable_image=\"off\" background_size=\"initial\" background_position=\"top_center\" background_blend=\"overlay\" custom_padding=\"0px||||false|false\"][et_pb_row _builder_version=\"3.25\" background_size=\"initial\" background_position=\"top_left\" background_repeat=\"repeat\" width=\"100%\" custom_padding=\"0px||0px||false|false\"][et_pb_column type=\"4_4\" _builder_version=\"3.25\" custom_padding=\"|||\" custom_padding__hover=\"|||\"][et_pb_wc_breadcrumb _builder_version=\"3.0.47\"][\/et_pb_wc_breadcrumb][et_pb_wc_cart_notice _builder_version=\"3.0.47\"][\/et_pb_wc_cart_notice][\/et_pb_column][\/et_pb_row][et_pb_row column_structure=\"1_2,1_2\" _builder_version=\"4.4.5\" background_enable_image=\"off\" background_size=\"initial\" background_blend=\"overlay\" width=\"100%\" custom_padding=\"0px||||false|false\"][et_pb_column type=\"1_2\" _builder_version=\"4.4.5\" background_enable_image=\"off\" background_size=\"contain\" background_blend=\"overlay\" custom_padding=\"|||\" custom_padding__hover=\"|||\"][et_pb_wc_images _builder_version=\"3.0.47\"][\/et_pb_wc_images][\/et_pb_column][et_pb_column type=\"1_2\" _builder_version=\"4.4.5\" background_enable_image=\"off\" background_size=\"initial\" background_blend=\"color-dodge\" custom_padding=\"|||\" custom_padding__hover=\"|||\"][et_pb_wc_title _builder_version=\"3.0.47\"][\/et_pb_wc_title][et_pb_wc_rating _builder_version=\"3.0.47\"][\/et_pb_wc_rating][et_pb_wc_description _builder_version=\"3.0.47\"][\/et_pb_wc_description][et_pb_wc_price _builder_version=\"3.0.47\"][\/et_pb_wc_price][et_pb_wc_add_to_cart _builder_version=\"3.0.47\"][\/et_pb_wc_add_to_cart][et_pb_wc_meta _builder_version=\"3.0.47\"][\/et_pb_wc_meta][\/et_pb_column][\/et_pb_row][et_pb_row _builder_version=\"4.4.5\" background_enable_image=\"off\" background_size=\"initial\" background_repeat=\"repeat\" background_blend=\"overlay\" width=\"100%\"][et_pb_column type=\"4_4\" _builder_version=\"3.25\" custom_padding=\"|||\" custom_padding__hover=\"|||\"][et_pb_wc_tabs active_tab_background_color=\"rgba(148,0,0,0.9)\" inactive_tab_background_color=\"#ebe3e1\" active_tab_text_color=\"#ffffff\" include_tabs=\"description||reviews\" _builder_version=\"4.4.8\" background_color=\"rgba(0,0,0,0)\" custom_padding=\"||||false|false\"]\t\t\t\t\t[\/et_pb_wc_tabs][et_pb_wc_upsells _builder_version=\"4.4.7\" title_text_color=\"#900000\" title_font_size=\"24px\" background_color=\"#ebe3e1\" custom_margin=\"0px||0px||true|false\" custom_padding=\"30px|10px|30px|10px|true|true\"][\/et_pb_wc_upsells][et_pb_wc_related_products _builder_version=\"4.4.5\" title_text_color=\"#940000\" title_font_size=\"24px\" product_title_text_align=\"center\" product_title_font_size=\"18px\" price_text_align=\"center\" background_color=\"#ebe3e1\" custom_margin=\"0px||0px||false|false\" custom_padding=\"30px|10px|30px|10px|true|true\"][\/et_pb_wc_related_products][\/et_pb_column][\/et_pb_row][\/et_pb_section]<\/p>\n","protected":false},"excerpt":{"rendered":"<p><strong>Bo\u00eete en fer de 190G.<\/strong><\/p>\n<p>Caramels \u00e0 la Fleur de Sel r\u00e9colt\u00e9e dans les salines de Gruissan, dans le parc naturel de la Narbonnaise, dans l'Aude. <\/p>\n","protected":false},"featured_media":784,"comment_status":"open","ping_status":"closed","template":"","meta":{"_et_pb_use_builder":"on","_et_pb_old_content":"Les Sels de Gruissan, salins de l'\u00eele Saint Martin \u00e0 Gruissan dans l'Aude, cultivent un sel marin naturel cristall\u00e9s par \u00e9vaporation naturelle. Le sel de Gruissan, l'autre sel de M\u00e9diterran\u00e9e !\r\n\r\nAdoss\u00e9 au massif de la Clape, Les Sels de Gruissan sont entour\u00e9s par la mer et par l'\u00e9tang de l'Ayrolle et en plein c\u0153ur du Parc Naturel r\u00e9gional de la Narbonnaise. Au bord de la M\u00e9diterrann\u00e9e, le Salin de l\u2019\u00eele Saint Martin s'\u00e9tale sur 400 hectares en bordure du village de Gruissan. Aujourd'hui, les Sels de Gruissan regroupent 3 sites de production saline: Gruissan, Port-la-Nouvelle et les salins de la Palme. Par ailleurs, les Sels de Gruissan regardent vers l'avenir en essayant de proposer une autre fa\u00e7on d'offrir le diamant blanc de M\u00e9diterran\u00e9e !\r\n\r\n<strong>Ingr\u00e9dients :<\/strong> sirop de glucose, sucre, lait entier en poudre, beurre concentr\u00e9 (lait), beurre de cacao, Fleur de Sel de Gruissan (0.3%), stabilisant, sorbitol, \u00e9mulsifiant: l\u00e9cithine de soja, cr\u00e8me (lait), miel, correcteur d'acidit\u00e9: bicarbonate de sodium. Contient du lait,soja. Peut contenir de l'oeuf c\u00e9r\u00e9ales contenant du gluten, s\u00e9same, sulfites, fruits \u00e0 coque.\r\n\r\n<strong>Poids net : 190g.<\/strong>","_et_gb_content_width":"","inline_featured_image":false},"product_brand":[],"product_cat":[23],"product_tag":[],"class_list":{"0":"post-783","1":"product","2":"type-product","3":"status-publish","4":"has-post-thumbnail","6":"product_cat-boutique-du-terroir","8":"first","9":"outofstock","10":"shipping-taxable","11":"product-type-simple"},"_links":{"self":[{"href":"https:\/\/chateaudeventenacminervois.com\/boutique\/wp-json\/wp\/v2\/product\/783","targetHints":{"allow":["GET"]}}],"collection":[{"href":"https:\/\/chateaudeventenacminervois.com\/boutique\/wp-json\/wp\/v2\/product"}],"about":[{"href":"https:\/\/chateaudeventenacminervois.com\/boutique\/wp-json\/wp\/v2\/types\/product"}],"replies":[{"embeddable":true,"href":"https:\/\/chateaudeventenacminervois.com\/boutique\/wp-json\/wp\/v2\/comments?post=783"}],"wp:featuredmedia":[{"embeddable":true,"href":"https:\/\/chateaudeventenacminervois.com\/boutique\/wp-json\/wp\/v2\/media\/784"}],"wp:attachment":[{"href":"https:\/\/chateaudeventenacminervois.com\/boutique\/wp-json\/wp\/v2\/media?parent=783"}],"wp:term":[{"taxonomy":"product_brand","embeddable":true,"href":"https:\/\/chateaudeventenacminervois.com\/boutique\/wp-json\/wp\/v2\/product_brand?post=783"},{"taxonomy":"product_cat","embeddable":true,"href":"https:\/\/chateaudeventenacminervois.com\/boutique\/wp-json\/wp\/v2\/product_cat?post=783"},{"taxonomy":"product_tag","embeddable":true,"href":"https:\/\/chateaudeventenacminervois.com\/boutique\/wp-json\/wp\/v2\/product_tag?post=783"}],"curies":[{"name":"wp","href":"https:\/\/api.w.org\/{rel}","templated":true}]}}